2
Calculate the remainder when 2121681 is divided by 184.
161
Calculate the remainder when 1252447 is divided by 113856.
31
Calculate the remainder when 2458805 is divided by 6907.
6820
What is the remainder when 601383 is divided by 258?
243
What is the remainder when 1681239 is divided by 1179?
1164
Calculate the remainder when 69539076 is divided by 198117.
9
Calculate the remainder when 414248 is divided by 15.
8
Calculate the remainder when 2965063 is divided by 91.
10
Calculate the remainder when 1236610 is divided by 56204.
122
What is the remainder when 42530780 is divided by 4128?
4124
Calculate the remainder when 3894488 is divided by 2316.
1292
Calculate the remainder when 2918480 is divided by 287.
264
Calculate the remainder when 687636644 is divided by 235492.
4
Calculate the remainder when 231216 is divided by 1287.
843
What is the remainder when 1086478 is divided by 48?
46
What is the remainder when 614659 is divided by 153662?
11
Calculate the remainder when 5526 is divided by 1297.
338
Calculate the remainder when 14212393 is divided by 200.
193
What is the remainder when 21493 is divided by 2702?
2579
What is the remainder when 3871411 is divided by 37225?
11
Calculate the remainder when 788583 is divided by 307.
207
What is the remainder when 1260258 is divided by 250?
8
Calculate the remainder when 18392 is divided by 2346.
1970
What is the remainder when 1097303 is divided by 25?
3
Calculate the remainder when 888054 is divided by 808.
62
What is the remainder when 260327 is divided by 64132?
3799
What is the remainder when 165198 is divided by 200?
198
Calculate the remainder when 2653534 is divided by 6.
4
What is the remainder when 886019 is divided by 828?
59
What is the remainder when 138557 is divided by 3217?
226
What is the remainder when 2331996 is divided by 582807?
768
Calculate the remainder when 24834674 is divided by 98.
4
What is the remainder when 56082919 is divided by 23?
18
Calculate the remainder when 5687 is divided by 2605.
477
What is the remainder when 1687834 is divided by 30686?
104
Calculate the remainder when 123351037 is divided by 190.
187
Calculate the remainder when 45499 is divided by 15068.
295
Calculate the remainder when 2501502 is divided by 6414.
42
What is the remainder when 180116 is divided by 1429?
62
What is the remainder when 595578 is divided by 10713?
6363
What is the remainder when 6013392 is divided by 183?
12
What is the remainder when 15956346 is divided by 34022?
28
What is the remainder when 17685275 is divided by 29?
2
Calculate the remainder when 6671402 is divided by 290056.
114
Calculate the remainder when 8307901 is divided by 811.
17
Calculate the remainder when 75362 is divided by 895.
182
Calculate the remainder when 19525282 is divided by 3653.
3650
Calculate the remainder when 802492 is divided by 802488.
4
What is the remainder when 10338283 is divided by 81?
10
What is the remainder when 648793 is divided by 534?
517
Calculate the remainder when 16918313 is divided by 8459123.
67
Calculate the remainder when 10986233 is divided by 240.
233
Calculate the remainder when 2115224 is divided by 149.
20
What is the remainder when 444786 is divided by 147970?
876
Calculate the remainder when 4885104 is divided by 4995.
4989
What is the remainder when 3677385 is divided by 23878?
173
What is the remainder when 387408055 is divided by 70682?
13
Calculate the remainder when 9039489 is divided by 28.
25
Calculate the remainder when 73056 is divided by 2137.
398
Calculate the remainder when 19993376 is divided by 2410.
16
Calculate the remainder when 6618785 is divided by 3309392.
1
Calculate the remainder when 159477498 is divided by 64.
58
What is the remainder when 1974203 is divided by 1902?
1829
Calculate the remainder when 878265 is divided by 13.
11
What is the remainder when 224523 is divided by 5908?
19
What is the remainder when 270934 is divided by 12893?
181
What is the remainder when 12056399 is divided by 4080?
4079
Calculate the remainder when 1950414 is divided by 1950047.
367
Calculate the remainder when 142762 is divided by 20383.
81
What is the remainder when 865351 is divided by 3262?
921
What is the remainder when 710105 is divided by 1321?
728
Calculate the remainder when 3239512 is divided by 563.
10
Calculate the remainder when 6263908 is divided by 77332.
16
What is the remainder when 840058 is divided by 1077?
1075
What is the remainder when 1585855 is divided by 4531?
5
What is the remainder when 2627390 is divided by 169?
116
What is the remainder when 19305278 is divided by 3956?
3954
What is the remainder when 32927 is divided by 247?
76
What is the remainder when 2890744 is divided by 232?
24
Calculate the remainder when 28838 is divided by 14066.
706
Calculate the remainder when 66624 is divided by 62821.
3803
Calculate the remainder when 2698055 is divided by 1168.
1143
Calculate the remainder when 668833 is divided by 111470.
13
Calculate the remainder when 17459684 is divided by 30051.
53
What is the remainder when 246009 is divided by 5441?
1164
What is the remainder when 1198685 is divided by 1830?
35
Calculate the remainder when 43365904 is divided by 14455301.
1
Calculate the remainder when 70662549 is divided by 677.
674
What is the remainder when 1502456 is divided by 79074?
50
What is the remainder when 40381 is divided by 2240?
61
Calculate the remainder when 19364 is divided by 17886.
1478
Calculate the remainder when 60147649 is divided by 163.
160
Calculate the remainder when 66450162 is divided by 2497.
2495
Calculate the remainder when 656782 is divided by 70.
42
What is the remainder when 2629232 is divided by 691?
668
What is the remainder when 905664 is divided by 60?
24
Calculate the remainder when 188914 is divided by 186144.
2770
Calculate the remainder when 128850 is divided by 172.
22
Calculate the remainder when 441061 is divided by 16963.
23
Calculate the remainder when 74390958 is divided by 3776.
3758
Calculate the remainder when 1219841 is divided by 4.
1
Calculate the remainder when 25658075 is divided by 5031.
5006
What is the remainder when 809504 is divided by 8432?
32
What is the remainder when 579596 is divided by 1141?
1109
Calculate the remainder when 1446386 is divided by 361418.
714
Calculate the remainder when 95751 is divided by 15912.
279
Calculate the remainder when 479646 is divided by 20849.
119
Calculate the remainder when 246603947 is divided by 227.
0
Calculate the remainder when 116762 is divided by 11675.
12
Calculate the remainder when 1237921 is divided by 103159.
13
What is the remainder when 38349550 is divided by 3316?
10
What is the remainder when 3915600 is divided by 849?
12
What is the remainder when 4694693 is divided by 18338?
165
What is the remainder when 85053264 is divided by 316183?
37
Calculate the remainder when 1722329 is divided by 71762.
41
Calculate the remainder when 62366786 is divided by 124.
118
What is the remainder when 2259918 is divided by 753302?
12
Calculate the remainder when 156550 is divided by 329.
275
Calculate the remainder when 636121 is divided by 1796.
337
Calculate the remainder when 48295722 is divided by 271.
270
Calculate the remainder when 19747839 is divided by 19.
18
What is the remainder when 940131 is divided by 8469?
72
What is the remainder when 664438 is divided by 11?
5
Calculate the remainder when 8400045 is divided by 1075.
1070
What is the remainder when 81248 is divided by 45?
23
What is the remainder when 1059628877 is divided by 154?
153
What is the remainder when 4132960 is divided by 39?
13
Calculate the remainder when 6654301 is divided by 8.
5
Calculate the remainder when 62099371 is divided by 25.
21
Calculate the remainder when 29437 is divided by 1191.
853
Calculate the remainder when 455840 is divided by 1119.
407
What is the remainder when 17964199 is divided by 45?
19
What is the remainder when 10472319 is divided by 1496043?
18
Calculate the remainder when 5900614 is divided by 203.
13
Calculate the remainder when 3478504 is divided by 76.
60
Calculate the remainder when 2646544 is divided by 529306.
14
Calculate the remainder when 98874101 is divided by 39.
14
What is the remainder when 264472 is divided by 45?
7
